he greatest common factor of y and 9.
9
Suppose -2*p + 6 = 4*u - 10, 60 = 4*p + u. Calculate the greatest common factor of 24 and p.
8
Suppose 2*d + 12 = -d. Let u(k) = -k**3 + 3*k**2 + 5*k - 2. Let t be u(d). What is the greatest common divisor of 10 and t?
10
Let i(f) = 7*f - 5. Let l(x) = -3*x + 3. Let d(z) = 4*i(z) + 9*l(z). Let h be d(-6). What is the highest common divisor of 3 and h?
1
Suppose -4 = -4*q - 0. Let f(d) = -d**3 - 3*d**2 - d + 2. Let g be f(-3). Suppose -32 = -3*s - g. Calculate the greatest common factor of s and q.
1
Let c = 91 - 83. Suppose 4*o - 5*l + 3*l - 222 = 0, 57 = o + l. Calculate the highest common factor of o and c.
8
Let y(v) = 4*v - 1. Let m be y(2). Let s = 18 - m. Suppose 2*d - s = 1. What is the greatest common divisor of d and 30?
6
Let h be (-3)/9*-69 - -1. What is the highest common factor of h and 3?
3
Suppose 4*j - 2*j - 8 = 0. Let s(f) = -f - 4 - 3*f + 2*f**2 + 0*f**2. Let o be s(-4). Calculate the greatest common factor of j and o.
4
Let t(y) = y**3 + 6*y + 5. Let l be t(-4). Let w be (39/1)/(1 - 2). Let a = w - l. Calculate the highest common factor of a and 4.
4
Let l(u) = -2*u - 7. Let b be l(-5). Suppose -b*r = 2*i - 70, 3*r - 2*i - 45 = i. Let p = -9 + 39. Calculate the greatest common factor of r and p.
10
Suppose 0 = -3*r + 8*r - 50. Suppose -n + 0 = -2, -5*f - 5*n = -110. What is the highest common factor of r and f?
10
Let h be 2/3*6/4. Calculate the highest common factor of 7 and h.
1
Suppose -y - 3*s = 15, 3*s + 8 = y - 7. Suppose y = -2*w - 3*w + 50. Calculate the highest common divisor of w and 40.
10
Let v be 196/(-16)*-1 + 6/8. Calculate the greatest common factor of 117 and v.
13
Suppose -46 + 181 = 3*h - 5*d, h + 4*d - 45 = 0. Suppose 2*n - 18 = 18. Calculate the highest common divisor of n and h.
9
Let r = -67 - -33. Let w = 154 + r. What is the highest common divisor of 30 and w?
30
Suppose 0 = 2*z - 4*g + 2*g - 16, -g = 4*z - 27. What is the greatest common factor of z and 63?
7
Let s(t) = -t + 0*t**2 + 3*t**2 + 2 - 3. Let m be s(-1). Suppose z - 8 = -m*z. Calculate the greatest common divisor of z and 8.
2
Let f(l) = -2*l**2 - 26*l + 21. Let q be f(-13). Calculate the greatest common factor of 168 and q.
21
Suppose 4*t - 30 = 38. What is the greatest common factor of 153 and t?
17
Suppose 0 = -d - 5*p + 3*p + 24, 3*d = -3*p + 75. What is the greatest common divisor of 91 and d?
13
Let k be ((-87)/6)/(-1)*-2. Let l = -15 - k. Let c be -35*(l/(-10) + 1). What is the highest common factor of 28 and c?
14
Let m be -3 - -2 - (-1 + 14*-2). Calculate the highest common factor of m and 140.
28
Let v(u) be the first derivative of -3*u**2 - 4 - 2*u**3 - 1/4*u**4 - 6*u. Let p be v(-6). What is the highest common factor of 15 and p?
15
Let d(w) = 5*w - 35. Let m be d(12). What is the greatest common divisor of m and 175?
25
Let g be ((-44)/(-5))/((-2)/(-20)). Let q be -1 + (-4)/((-2)/2). Suppose -q*h + 2*i = -2*i - 8, 24 = 2*h + 2*i. Calculate the greatest common factor of g and h.
8
Let u be 12/9 - (-2)/(-6). Suppose -5*c + 2*b + 7 = b, 2*c + 4*b = -6. Let d be (10/(c - 0))/u. What is the highest common factor of d and 4?
2
Suppose 3*y - q - 14 = 2*y, -3*y - 3*q = -54. Let n(i) = -i**3 + 7*i**2 + 41*i + 35. Let h be n(11). Calculate the greatest common factor of h and y.
2
Let z be 59 - (-4 + (1 - -4)). Calculate the highest common divisor of 29 and z.
29
Let p(z) = z**3 + 3*z**2 - 2*z - 3. Let d be p(-3). Suppose -g + 116 = d*r, 4*g + r - 436 = 3*r. Calculate the greatest common divisor of g and 22.
22
Suppose 162 = 3*c - c. What is the greatest common factor of c and 9?
9
Let g(p) = -p + 36. Suppose 2*a - 5*a = 0. Let w be g(a). What is the highest common factor of w and 18?
18
Suppose 60 - 3 = c. Suppose x + 5*b - 108 = -3*x, 2*x - 60 = -b. Suppose a - 29 = -o - 2*o, x = a + 2*o. What is the highest common divisor of c and a?
19
Suppose -3*r = 2*w - 13, -4*w = -3*r + 1 - 0. Suppose 0 = -w*a + 1 - 3. Let d = 3 + a. Calculate the highest common divisor of 4 and d.
2
Let c be 0 - (-2)/(-3 - -1). Let q = c + 7. Calculate the greatest common divisor of 42 and q.
6
Let b be (54/(-1 - 5))/(3/(-2)). Let w(d) = -8*d + 2. Let l be w(-5). Calculate the greatest common divisor of b and l.
6
Let a = 107 + -80. Calculate the greatest common factor of 216 and a.
27
Let f be 4/(-10) + (-24)/15. Let n be 55 - -1 - (-2)/f. Calculate the greatest common divisor of 5 and n.
5
Let w(b) = -b + 39. Let o be w(0). Suppose 5*x - 27 = 4*a, -5*x - 6*a = -4*a - o. Let k be 6 + (-1)/(0 + -1). Calculate the greatest common factor of k and x.
7
Let u = -55 + 79. Suppose h + u = -5*l + 111, -4*l - h = -69. Calculate the greatest common divisor of l and 9.
9
Suppose -15*f = -14*f - 12. Calculate the greatest common divisor of f and 108.
12
Let w = -8 - -24. Calculate the greatest common divisor of w and 48.
16
Let r be (6 - (0 + 0)) + -2. What is the highest common divisor of 20 and r?
4
Let g be 0/(3/((-6)/4)). Suppose 3*q - 4*q + 4 = g. Let h be 42/9 + (-4)/6. Calculate the greatest common factor of h and q.
4
Suppose -10 = 2*z + 2*m, -3 = 3*z + 5*m + 4. Suppose -33 = 2*x - 5*q, -4*x + 23 = 2*q + 149. Let c = z - x. What is the highest common divisor of 10 and c?
10
Suppose 0 = -3*h + 5*m + 5, 2*h = 3*m - m + 6. Let z be (h/(-15))/(1/(-24)). Let w be 2*(1 + 3) - 0. Calculate the greatest common divisor of z and w.
8
Let z(d) = -d + 9. Let h be z(-6). Let b(m) = -16*m**3 + m**2 - 2*m - 1. Let u be b(-2). What is the greatest common divisor of h and u?
15
Let i be (-24)/4*76/(-6). What is the highest common factor of i and 19?
19
Let b = 11 - 7. Suppose b*x = -16, -2*a - 5*x - 8 = -4. Suppose 6*j - 39 = 3*j + 3*n, -2*j - 2*n + 38 = 0. What is the highest common factor of a and j?
8
Let y = -7 + 11. Suppose 4*m - 28 = y*h, 2*h + 0*h + 34 = 4*m. Calculate the greatest common divisor of 5 and m.
5
Let y be 478/4 - 4/(-8). What is the highest common divisor of y and 24?
24
Suppose 3*w + 23 - 407 = 0. Calculate the greatest common divisor of 32 and w.
32
Let z(q) = 1 - 2 - 176*q - 54*q - 22*q. Let w be z(-1). Suppose 2*n = -2*h + 92, -5*h - w + 81 = -3*n. What is the highest common factor of 5 and n?
5
Suppose -s - 2*s = -g + 62, -5*g = -4*s - 266. Calculate the greatest common divisor of 125 and g.
25
Suppose -2*x = x - 198. Let k = 111 - x. What is the greatest common factor of k and 30?
15
Suppose -t + 3 = y - 4*t, 5*y - 45 = 5*t. What is the greatest common divisor of y and 48?
12
Let g be (-32)/144 - 137/(-9). Calculate the highest common divisor of 60 and g.
15
Suppose 0*d + 4*d - 20 = 0. Suppose -d*a + 1 + 4 = 0. Let y be a/(-2) - (-369)/18. What is the greatest common factor of 220 and y?
20
Suppose 3 = -v + 13. What is the greatest common divisor of 25 and v?
5
Let h = 27 + -15. Let a be ((-9)/(-18))/((-2)/(-24)). Suppose 3*x - a*x + 4*g = -292, 5*g = -5. Calculate the greatest common divisor of x and h.
12
Suppose 6*k = 9*k - 27. What is the greatest common divisor of k and 45?
9
Let k(m) = 2*m**3 + 6*m - m**3 - 2*m + 3 + 2*m**2. Let z be k(-3). Let r = z + 27. What is the greatest common factor of r and 63?
9
Suppose u - 1 + 7 = 0. Let l be (-700)/30*u/4. Let b(q) = q**3 - 6*q**2 + q + 8. Let z be b(6). Calculate the highest common divisor of z and l.
7
Suppose -3*i = 16 - 184. What is the highest common factor of 7 and i?
7
Let f(i) = -19*i**3 - i**2 - 3*i - 2. Let o be f(-2). Calculate the greatest common factor of o and 19.
19
Let l be (-55)/(-10)*(-4)/(-2). Let n = 6 - 2. Suppose -220 = -8*f + n*f. Calculate the highest common divisor of l and f.
11
Let g(u) be the third derivative of -u**6/40 - u**5/60 - u**4/12 - 2*u**2. Suppose s + 8 = -3*s. Let w be g(s). Calculate the highest common factor of w and 12.
12
Let i = 27 + 3. What is the highest common factor of 80 and i?
10
Let x be 55 - (-2 + 0 + 1). What is the greatest common divisor of x and 7?
7
Suppose -9 = -4*r + 3. Suppose -3*h = -3 - r. Calculate the highest common divisor of h and 3.
1
Let s(z) = -z**2 - 11*z - 13. Let b be s(-9). Suppose -3*m - 6 + 432 = 4*i, 410 = 4*i - b*m. What is the greatest common divisor of 15 and i?
15
Let s(w) = 2*w**2 - 4 + 3 + 11*w**2. Let n be s(1). Let y be 2 + 3/(9/30). What is the greatest common divisor of n a